test common factor of 1116 and 13671?
279
What is the highest common divisor of 43 and 4171?
43
Calculate the highest common factor of 103 and 1648.
103
Calculate the highest common factor of 423 and 5217.
141
What is the highest common divisor of 406 and 1972?
58
What is the greatest common factor of 42280 and 20?
20
Calculate the highest common factor of 42 and 43386.
42
Calculate the greatest common divisor of 336 and 1092.
84
Calculate the highest common divisor of 186 and 6.
6
Calculate the greatest common factor of 49 and 7448.
49
What is the greatest common factor of 1582 and 7?
7
Calculate the highest common factor of 558 and 1054.
62
What is the highest common divisor of 19206 and 198?
198
Calculate the highest common factor of 1364 and 248.
124
What is the highest common factor of 297 and 286?
11
What is the greatest common divisor of 49 and 749?
7
Calculate the greatest common factor of 25 and 1.
1
What is the greatest common divisor of 66 and 561?
33
Calculate the highest common factor of 2322 and 86.
86
Calculate the greatest common factor of 7897 and 53.
53
Calculate the highest common factor of 115 and 1.
1
What is the highest common factor of 40 and 11830?
10
What is the highest common divisor of 461 and 1?
1
Calculate the greatest common factor of 1075 and 43.
43
Calculate the highest common divisor of 99 and 9.
9
Calculate the greatest common factor of 260 and 6695.
65
What is the greatest common factor of 9450 and 108?
54
What is the highest common divisor of 128 and 544?
32
Calculate the highest common factor of 497 and 14.
7
What is the greatest common divisor of 84 and 4053?
21
What is the highest common divisor of 574 and 42?
14
What is the greatest common divisor of 900 and 360?
180
What is the greatest common divisor of 53 and 159?
53
Calculate the highest common divisor of 29 and 2813.
29
Calculate the greatest common factor of 28 and 952.
28
What is the greatest common divisor of 3556 and 28?
28
What is the greatest common divisor of 30 and 1230?
30
Calculate the greatest common divisor of 243 and 3.
3
Calculate the greatest common factor of 1673 and 7.
7
What is the greatest common divisor of 1158 and 6?
6
What is the highest common divisor of 1000 and 40?
40
What is the greatest common divisor of 21 and 6?
3
What is the greatest common factor of 132 and 8?
4
What is the greatest common factor of 345 and 299?
23
Calculate the highest common divisor of 772 and 4.
4
What is the greatest common divisor of 2508 and 264?
132
What is the highest common divisor of 2263 and 73?
73
What is the greatest common divisor of 200 and 32?
8
What is the highest common factor of 287 and 41?
41
Calculate the greatest common divisor of 210 and 4865.
35
Calculate the greatest common divisor of 27 and 9.
9
Calculate the highest common divisor of 284 and 213.
71
What is the highest common divisor of 36 and 14004?
36
Calculate the highest common factor of 2006 and 68.
34
What is the greatest common divisor of 16 and 112?
16
Calculate the greatest common divisor of 94 and 2.
2
What is the greatest common factor of 18 and 882?
18
Calculate the highest common factor of 316 and 31442.
158
What is the greatest common factor of 56 and 581?
7
Calculate the greatest common divisor of 57 and 2736.
57
What is the greatest common factor of 700 and 40?
20
What is the highest common factor of 28 and 238?
14
Calculate the highest common divisor of 15539 and 41.
41
What is the greatest common factor of 945 and 378?
189
What is the highest common divisor of 80 and 32?
16
What is the highest common factor of 294 and 3087?
147
Calculate the highest common divisor of 42 and 903.
21
What is the highest common divisor of 184 and 4?
4
Calculate the greatest common divisor of 35739 and 99.
99
Calculate the greatest common factor of 962 and 37.
37
Calculate the greatest common factor of 93 and 3813.
93
Calculate the highest common divisor of 4 and 118.
2
What is the highest common divisor of 76 and 95?
19
What is the greatest common divisor of 5096 and 936?
104
What is the greatest common factor of 16948 and 228?
76
Calculate the highest common divisor of 5 and 365.
5
What is the highest common divisor of 32 and 2144?
32
What is the greatest common divisor of 30 and 3234?
6
What is the highest common factor of 442 and 663?
221
Calculate the highest common divisor of 232 and 1653.
29
What is the greatest common factor of 4 and 25?
1
What is the greatest common factor of 114 and 190?
38
Calculate the greatest common divisor of 4 and 22.
2
Calculate the highest common factor of 943 and 41.
41
What is the greatest common factor of 78 and 2730?
78
Calculate the greatest common factor of 66 and 429.
33
Calculate the greatest common factor of 2406 and 12.
6
Calculate the highest common divisor of 595 and 85.
85
Calculate the greatest common divisor of 6296 and 32.
8
Calculate the greatest common divisor of 11 and 15774.
11
What is the greatest common factor of 84 and 39788?
28
What is the greatest common factor of 2185 and 5060?
115
What is the greatest common factor of 7273 and 21?
7
Calculate the highest common divisor of 285 and 418.
19
What is the highest common factor of 8 and 5?
1
Calculate the highest common factor of 8 and 284.
4
What is the greatest common divisor of 76 and 1824?
76
Calculate the highest common divisor of 50 and 3200.
50
What is the greatest common divisor of 6697 and 1448?
181
Calculate the greatest common divisor of 248 and 332.
4
What is the highest common factor of 111 and 87?
3
What is the highest common factor of 63 and 43848?
63
Calculate the greatest common divisor of 660 and 2805.
165
What is the highest common factor of 18 and 24?
6
What is the highest common factor of 1056 and 1892?
44
Calculate the highest common factor of 28 and 3892.
28
Calculate the highest common factor of 8 and 5064.
8
What is the highest common divisor of 24 and 9744?
24
Calculate the greatest common divisor of 50 and 125.
25
Calculate the highest common factor of 140 and 620.
20
What is the highest common factor of 2024 and 264?
88
Calculate the highest common divisor of 1 and 27.
1
What is the highest common factor of 255 and 2652?
51
Calculate the greatest common factor of 37 and 185.
37
What is the highest common factor of 220 and 120?
20
Calculate the highest common factor of 57 and 2.
1
What is the highest common divisor of 42 and 483?
21
Calculate the greatest common factor of 102 and 18.
6
What is the greatest common divisor of 284 and 68?
4
Calculate the greatest common factor of 396 and 88.
44
Calculate the greatest common divisor of 394 and 7683.
197
Calculate the highest common divisor of 155 and 62.
31
Calculate the greatest common factor of 1899 and 54.
9
Calculate the highest common factor of 513 and 133.
19
What is the highest common divisor of 7 and 19971?
7
Calculate the greatest common factor of 455 and 63.
7
Calculate the highest common divisor of 30 and 3594.
6
Calculate the greatest common factor of 26 and 182.
26
Calculate the highest common factor of 742 and 14.
14
Calculate the greatest common factor of 564 and 12.
12
Calculate the highest common divisor of 2920 and 210.
10
What is the greatest common divisor of 15 and 870?
15
What is the highest common factor of 143 and 22?
11
Calculate the greatest common factor of 4 and 36.
4
Calculate the highest common factor of 2850 and 114.
114
What is the highest common divisor of 4901 and 13?
13
What is the highest common divisor of 20448 and 9?
9
Calculate the greatest common divisor of 142 and 2.
2
What is the greatest common factor of 1245 and 5?
5
What is the greatest common factor of 120 and 645?
15
Calculate the greatest common divisor of 375 and 30.
15
Calculate the highest common divisor of 66 and 258.
6
Calculate the greatest common divisor of 450 and 54.
18
What is the highest common factor of 57 and 9?
3
What is the highest common divisor of 806 and 26?
26
What is the greatest common factor of 312 and 195?
39
What is the highest common factor of 128 and 144?
16
Calculate the greatest common factor of 1233 and 9.
9
Calculate the highest common divisor of 3 and 24.
3
Calculate the highest common divisor of 131 and 20567.
131
What is the highest common factor of 1441 and 1179?
131